
Is 1513 a multiple of 22?
False
Is 1057 a multiple of 27?
False
Does 7 divide 60682?
False
Is 19280 a multiple of 5?
True
Is 16 a factor of 20?
False
Is 2207 a multiple of 16?
False
Is 8 a factor of 26728?
True
Is 19292 a multiple of 28?
True
Does 37 divide 9805?
True
Is 34 a factor of 785?
False
Is 8 a factor of 16264?
True
Is 30 a factor of 2520?
True
Is 1440 a multiple of 90?
True
Does 18 divide 684?
True
Is 29565 a multiple of 81?
True
Is 107 a multiple of 13?
False
Is 17882 a multiple of 8?
False
Is 109895 a multiple of 23?
False
Does 7 divide 24343?
False
Is 81 a factor of 2002?
False
Is 85 a multiple of 5?
True
Does 40 divide 3744?
False
Is 15 a factor of 322?
False
Is 54 a factor of 11016?
True
Is 2911 a multiple of 33?
False
Does 24 divide 810?
False
Is 17 a factor of 71202?
False
Is 19 a factor of 1220?
False
Is 41 a factor of 861?
True
Is 36 a factor of 3780?
True
Is 16 a factor of 2994?
False
Is 40 a factor of 120?
True
Does 14 divide 20678?
True
Is 6138 a multiple of 33?
True
Does 177 divide 12528?
False
Does 61 divide 34221?
True
Is 7690 a multiple of 10?
True
Does 14 divide 195745?
False
Does 7 divide 112?
True
Is 456 a multiple of 57?
True
Is 13 a factor of 14073?
False
Is 3 a factor of 3685?
False
Does 13 divide 4056?
True
Does 69 divide 690?
True
Is 164 a factor of 6396?
True
Is 142 a multiple of 25?
False
Is 143 a factor of 2431?
True
Does 110 divide 1493?
False
Does 9 divide 207?
True
Is 17986 a multiple of 34?
True
Is 17 a factor of 2669?
True
Is 125 a factor of 24500?
True
Is 268 a multiple of 16?
False
Does 19 divide 53647?
False
Is 27 a factor of 29808?
True
Does 3 divide 129?
True
Does 29 divide 6612?
True
Does 8 divide 13760?
True
Is 167 a multiple of 3?
False
Is 8150 a multiple of 6?
False
Is 284 a factor of 39192?
True
Does 7 divide 257?
False
Is 18810 a multiple of 87?
False
Does 10 divide 3040?
True
Is 61 a factor of 366?
True
Is 115 a factor of 35995?
True
Is 16368 a multiple of 31?
True
Is 1043 a multiple of 10?
False
Is 13 a factor of 650?
True
Is 80 a factor of 560?
True
Is 15 a factor of 4749?
False
Is 6952 a multiple of 44?
True
Does 33 divide 776?
False
Is 8037 even?
False
Is 19 a factor of 3230?
True
Is 1212 a multiple of 28?
False
Is 17 a factor of 16786?
False
Is 8 a factor of 28280?
True
Is 648 a multiple of 18?
True
Does 9 divide 837?
True
Is 29 a factor of 701?
False
Does 165 divide 2010?
False
Does 3 divide 626?
False
Does 7 divide 1323?
True
Is 190 a factor of 11020?
True
Does 26 divide 2974?
False
Is 12741 a multiple of 33?
False
Is 11010 a multiple of 15?
True
Is 144 a factor of 1124?
False
Does 54 divide 1080?
True
Does 23 divide 45945?
False
Is 4 a factor of 1236?
True
Does 42 divide 1218?
True
Is 14 a factor of 1820?
True
Is 3444 a multiple of 9?
False
Is 475 a multiple of 23?
False
Does 10 divide 600?
True
Does 15 divide 1275?
True
Is 38700 a multiple of 180?
True
Does 19 divide 2565?
True
Is 48589 a multiple of 147?
False
Is 44251 a multiple of 11?
False
Does 3 divide 2442?
True
Is 11 a factor of 682?
True
Does 93 divide 3090?
False
Is 21446 a multiple of 15?
False
Is 4929 a multiple of 93?
True
Does 179 divide 10104?
False
Is 17402 a multiple of 11?
True
Is 37 a factor of 222?
True
Does 14 divide 211?
False
Is 48 a factor of 20064?
True
Does 58 divide 2157?
False
Does 20 divide 43045?
False
Does 38 divide 1337?
False
Does 42 divide 11499?
False
Is 96 a factor of 9198?
False
Is 4 a factor of 9996?
True
Is 51 a factor of 1530?
True
Is 5458 a multiple of 46?
False
Does 7 divide 329?
True
Is 9 a factor of 495?
True
Does 51 divide 26316?
True
Does 46 divide 1825?
False
Does 17 divide 527?
True
Is 5208 a multiple of 7?
True
Is 29 a factor of 16029?
False
Does 21 divide 399?
True
Is 34 a factor of 1161?
False
Does 83 divide 4152?
False
Is 20 a factor of 160?
True
Does 20 divide 530?
False
Is 270 a factor of 29700?
True
Does 10 divide 680?
True
Does 30 divide 1320?
True
Is 27318 a multiple of 12?
False
Does 75 divide 67811?
False
Does 2 divide 62?
True
Is 5793 a multiple of 15?
False
Does 5 divide 5035?
True
Is 5 a factor of 22021?
False
Is 12 a factor of 1456?
False
Is 2945 a multiple of 29?
False
Does 57 divide 3477?
True
Does 31 divide 620?
True
Does 68 divide 4080?
True
Does 69 divide 1725?
True
Does 5 divide 38?
False
Does 3 divide 17764?
False
Is 28 a factor of 100144?
False
Is 1387 a multiple of 10?
False
Does 39 divide 513?
False
Does 27 divide 40753?
False
Is 1296 a multiple of 16?
True
Does 12 divide 21408?
True
Does 50 divide 850?
True
Is 4046 a multiple of 98?
False
Does 5 divide 982?
False
Is 2544 a multiple of 8?
True
Is 376 a multiple of 94?
True
Is 32 a factor of 11895?
False
Is 50 a factor of 21889?
False
Does 42 divide 4273?
False
Does 24 divide 384?
True
Is 3700 a multiple of 5?
True
Does 17 divide 9003?
False
Is 3 a factor of 9975?
True
Does 8 divide 19883?
False
Is 6944 a multiple of 49?
False
Does 13 divide 17591?
False
Is 27 a factor of 621?
True
Is 44 a factor of 6627?
False
Is 32 a factor of 36?
False
Is 5 a factor of 366?
False
Is 16 a factor of 7504?
True
Is 94 a factor of 17014?
True
Is 13902 a multiple of 42?
True
Is 660 a multiple of 55?
True
Is 1468 a multiple of 2?
True
Is 6 a factor of 113?
False
Is 12426 a multiple of 109?
True
Is 20 a factor of 3480?
True
Is 47 a factor of 6036?
False
Is 1522 a multiple of 20?
False
Does 5 divide 13719?
False
Is 6389 a multiple of 41?
False
Is 51 a factor of 408?
True
Is 41 a factor of 59849?
False
Is 14300 a multiple of 100?
True
Is 680 a multiple of 10?
True
Is 316 a multiple of 158?
True
Does 37 divide 289?
False
Is 87 a factor of 21134?
False
Is 141 a multiple of 19?
False
Is 52 a factor of 8424?
True
Does 70 divide 840?
True
Is 77 a factor of 18942?
True
Does 29 divide 872?
False
Is 13700 a multiple of 4?
True
Does 29 divide 22640?
False
Is 8294 a multiple of 10?
False
Is 1386 a multiple of 14?
True
Does 10 divide 588?
False
Is 151 a factor of 5887?
False
Does 12 divide 122941?
False
Is 4 a factor of 15953?
False
Does 18 divide 98?
False
Is 3 a factor of 852?
True
Is 14 a factor of 763?
False
Does 16 divide 1024?
True
Is 14 a factor of 252?
True
Does 12 divide 7654?
False
Is 41651 a multiple of 17?
False
Does 8 divide 1542?
False
Is 7480 a multiple of 136?
True
Does 30 divide 1020?
True
Does 6 divide 3930?
True
Is 18 a factor of 7200?
True
Does 25 divide 1250?
True
Is 33920 a multiple of 106?
True
Does 23 divide 8441?
True
Does 5 divide 221?
False
Is 1259 a multiple of 4?
False
Is 3645 a multiple of 45?
True
Does 7 divide 2240?
True
Is 17 a factor of 12716?
True
Is 44 a factor of 97196?
True
Is 336 a multiple of 56?
True
Is 149 a factor of 894?
True
Is 698 a multiple of 5?
False
Does 11 divide 104?
False
Is 145 a factor of 6971?
False
Is 418 a multiple of 11?
True
Does 261 divide 6432?
False
Is 5 a factor of 3725?
True
Is 23 a factor of 527?
False
Is 29 a factor of 783?
True
Is 34 a factor of 518?
False
Does 23 divide 1449?
True
Is 80 a factor of 3561?
False
Is 13 a factor of 13130?
True
Is 72 a factor of 728?
False
Does 90 divide 17640?
True
Is 806 a multiple of 10?
False
Is 615 a multiple of 6?
False
Is 1303 a multiple of 2?
False
Is 701 a multiple of 18?
False
Is 1530 a multiple of 10?
True
Is 21629 a multiple of 5?
False
Is 5 a factor of 335?
True
Is 12 a factor of 261?
False
Is 46 a factor of 4462?
True
Is 215 a multiple of 20?
False
Does 14 divide 50554?
True
Is 5 a factor of 115?
True
Is 7847 a multiple of 32?
False
Is 60 a multiple of 8?
False
Is 154260 a multiple of 15?
True
Does 2 divide 172?
True
Is 267 a factor of 71328?
False
Is 17 a factor of 21607?
True
Does 7 divide 201?
False
Does 13 divide 546?
True
Is 7 a factor of 72721?
False
Does 9 divide 332?
False
Does 14 divide 118286?
True
Is 78852 a multiple of 38?
False
Does 121 divide 30195?
False
Is 61 a factor of 1360?
False
Is 7 a factor of 74?
False
Is 103 a factor of 6592?
True
Is 14 a factor of 2581?
False
Is 85 a factor of 12102?
False
Is 22 a factor of 37009?
False
Is 61 a multiple of 3?
False
Is 125 a factor of 6713?
False
Is 28851 a multiple of 14?
False
Does 26 divide 17820?
False
Is 31 a factor of 181?
False
Is 9164 a multiple of 158?
True
Is 16261 a multiple of 77?
False
Is 14042 a multiple of 59?
True
Does 13 divide 572?
True
Is 771 a multiple o